2 - 5*k. What are the prime factors of y(-6)?
2, 3
Let v = 8 - 6. Let q = v + -2. Suppose 4*d + d - 2*l - 100 = q, -10 = 2*l. List the prime factors of d.
2, 3
Let r(x) be the second derivative of x**4/12 + 3*x**3/2 - x**2 + x. What are the prime factors of r(-11)?
2, 5
Suppose 3*f + 11 + 16 = 0. Let k be 2/(-3) + (-78)/f. What are the prime factors of 2*-2*(-18)/k?
3
Let m(h) = -h - 1. Let t be m(-5). Suppose -j + 3*j + t*u - 82 = 0, -u = -5*j + 216. List the prime factors of j.
43
Let n(r) = 7*r - 1. Suppose -14 = -3*i - 2. What are the prime factors of n(i)?
3
Let t = -3 - -6. Let w(q) = 4*q**2 - 4*q + 0*q**3 + 5*q + q**t - 1. What are the prime factors of w(-3)?
5
Let m = 377 - 268. Suppose -m = -3*t - 19. What are the prime factors of t?
2, 3, 5
Let d(o) = -2*o - 12. Let s be d(-5). List the prime factors of (3 + s + 0)*12.
2, 3
Let u(r) = -8*r - 16. List the prime factors of u(-10).
2
Let f(c) = 17*c**2 - c + 15. List the prime factors of f(3).
3, 5, 11
Let y be 77/5 + 2/(-5). Suppose 4*z - 5*z = 4*w + 7, 19 = -5*z - 4*w. Let l = y - z. List the prime factors of l.
2, 3
Let q(i) = i**2 - 3*i + 3. Let y be q(3). Let n be 0*y/(-9) + 25. Suppose 4*s - 19 - n = 0. List the prime factors of s.
11
Suppose 9*h = 11*h - 2. Suppose v = -d + 5*v - 10, 4*d = 3*v - h. What are the prime factors of d?
2
Let j(g) = -g. Let f(q) = q. Let u(m) = f(m) - j(m). What are the prime factors of u(6)?
2, 3
Let s be (5/10)/((-1)/(-2)). List the prime factors of 10 + 0 + -1 + s.
2, 5
Let a = 3 + 11. Let o be 0*(3 + -2 - 2). Suppose o*g - a = -2*g. What are the prime factors of g?
7
Suppose 4 = 2*j - 0*j. Suppose -r + 8 = o - 13, 121 = 5*o - 3*r. Suppose o = c + 5*g, -3*c + 21 = g + j*g. What are the prime factors of c?
3
Suppose -4*d - 68 = 28. Let z = 56 + d. What are the prime factors of z?
2
Let a(c) = -c**2 - 19*c - 5. List the prime factors of a(-12).
79
Let s be -2 - (-12)/(0 - 2). Suppose 46 = 5*h - 19. Let u = h + s. What are the prime factors of u?
5
Suppose -2*i + 38 = 4*k - 4, 5*i = -k + 69. Let u = i + -1. List the prime factors of u.
2, 3
Suppose 3*a - a = 2*h - 4, 4*a + 8 = -3*h. List the prime factors of a/(-4) - 104/(-16).
7
Suppose -4*v = v - 30. Suppose v*u - 4*u - 14 = 0. List the prime factors of u.
7
Suppose -2*l = -3*l - 7. Let a = l - -31. What are the prime factors of a?
2, 3
Let u(y) = 2*y - 21. Let l be u(-9). What are the prime factors of (8/6)/((-1)/l)?
2, 13
Let b be ((-4)/6)/((-2)/15). Suppose -b*n + 162 = 17. List the prime factors of n.
29
List the prime factors of 15/20 + (-650)/(-8).
2, 41
Let s(f) = f - 2. Let v be s(6). Suppose 0 = -v*j - 3*l - 80, 2*j - 2*l = -6*l - 50. Let y = -11 - j. What are the prime factors of y?
2, 3
Let n(u) = -u**2 + 9*u - 8. Let j = 16 + -10. What are the prime factors of n(j)?
2, 5
Let z(a) = a**3 - 6*a**2 - 3*a - 1. Let k be z(6). Let w = k - -31. What are the prime factors of w?
2, 3
Let n = 84 + 1. List the prime factors of n.
5, 17
Let u be (-2)/7 + (-186)/(-14). Suppose -s + 5*c - 6 = 0, 4*c - 3 = u. What are the prime factors of (s/(-6))/((-2)/12)?
2, 7
Suppose -65*m + 748 = -61*m. What are the prime factors of m?
11, 17
Let q = 32 + 10. List the prime factors of q.
2, 3, 7
Suppose -468 = 4*o + 2*o. Suppose 0 = -5*a + 2*a - 6. List the prime factors of (o/(-9))/(a/(-3)).
13
Suppose 0 = 3*w - 0*w + 4*f - 31, -f = -5*w + 44. Suppose 2*i - 3*i = -24. Suppose -i = -5*p - w. List the prime factors of p.
3
What are the prime factors of 3*44/12 + 1?
2, 3
Suppose 0*y + 16 = 2*y. Let v = y - 6. What are the prime factors of v?
2
Suppose y - 5*p = 2*y + 23, -47 = 4*y + 5*p. Let a = 12 + y. What are the prime factors of a?
2
Suppose 2*b + 65 = 5*p, 2*b - 3*b - 5 = 0. Suppose p*c - 150 = 6*c. List the prime factors of c.
2, 3, 5
Suppose -4*v - 22 = 2*n, 4*v + v = -3*n - 29. Let w be (-12)/(-2)*n/(-2). Suppose 3*p + w = 2*u - 5, -2 = -3*u - 5*p. List the prime factors of u.
2
Let m = 51 + -35. What are the prime factors of m?
2
Let h = -1 - -6. Suppose 3*l + 1 = 22. Suppose 9*s + 1 = -2*o + 4*s, -o + h*s + l = 0. What are the prime factors of o?
2
Let l be 2/(6/1)*0. Suppose 3 - 4 = -w. What are the prime factors of 11 - 4 - (w + l)?
2, 3
Suppose -j - 2*l + 32 = 0, 3*l + 66 = -3*j + 168. What are the prime factors of j?
2, 3
Let t be ((-4)/(-6))/((-3)/63). Let y = t - 28. Let f = -28 - y. List the prime factors of f.
2, 7
Suppose 0 = -3*w - 3, -3*w = 5*s - 6*w - 93. Let o = -12 + s. Suppose 3*r + 0*r - o = 0. What are the prime factors of r?
2
Suppose -17*g + 180 = -12*g. List the prime factors of g.
2, 3
Let o be (0 - 9*-1) + -1. Suppose 7*m = o*m. Suppose m = 4*s - 4 - 16. List the prime factors of s.
5
Let r(h) = h**3 + 4*h**2 + h + 5. Let l be r(-4). Let z be 0/(-1*(-1 - l)). Suppose 3*o - 33 = 3*b - z, 2*o - 23 = 3*b. What are the prime factors of o?
2, 5
What are the prime factors of (-28)/(-7 - -3) + -1?
2, 3
Suppose 6*f = f - 5. Let v = 2 - f. List the prime factors of v.
3
Let c(l) = l**3 - l**2 + 1. Let y be c(2). Let t = -1 + y. Suppose h - 4*h - 5*o = -48, 2*o = t*h - 38. List the prime factors of h.
11
Suppose 0*n + j = 5*n, 0 = -2*n + 5*j. Suppose n = -t + 5*t. Suppose -2*m - 3*m + 60 = t. List the prime factors of m.
2, 3
Suppose 136 = 5*k - 0*p - 3*p, 2*p + 110 = 4*k. List the prime factors of k.
29
Suppose 9 = 3*l - 6. Suppose l*i = -4*y + 124, -3*i + 70 = -4*y + 2*y. List the prime factors of i.
2, 3
Let f(u) = -u**3 - u**2 - u - 1. Let t be f(-1). Let c = 8 + t. What are the prime factors of (2 - 2/4)*c?
2, 3
Suppose -933 = -11*c - 42. List the prime factors of c.
3
Let w = 28 + -21. List the prime factors of w.
7
Let k(u) = u**2 - u + 5. Let s be k(0). Suppose 7*r + 210 = s*r. List the prime factors of r/(-12) + (-6)/8.
2
Suppose -6*a - 60 = -a. Let l = -8 - a. Let h = l - 2. What are the prime factors of h?
2
Let h = 444 - 240. What are the prime factors of h?
2, 3, 17
Suppose 0 = -4*k + 2*d - 3*d - 2, 3*d + 6 = 2*k. Suppose k*p - 10 = -5*p. Suppose -4*b - 2*g + 50 = 0, 2*b + g + p*g - 35 = 0. What are the prime factors of b?
2, 5
Let s(n) = -19*n + 1. Let o(u) = -10*u + 1. Suppose -11 = 3*g + 4. Let h(w) = g*o(w) + 3*s(w). What are the prime factors of h(-2)?
2, 3
Let x = 6 - -118. List the prime factors of x.
2, 31
Let h be 232/(-28) + (-4)/(-14). Let x(n) = -4*n - 2. List the prime factors of x(h).
2, 3, 5
List the prime factors of -4*(45/(-12) - -3).
3
Let q(t) = t**2 - 16*t + 16. Let o be q(14). Let d = 20 + o. List the prime factors of d.
2
Let c be (-12)/(-2 - (-14)/6). Let k = c + 55. What are the prime factors of k?
19
Let x = 23 - 1. Suppose -3*g + 5*l + 123 = 4*l, g = 2*l + 41. Let u = g - x. What are the prime factors of u?
19
Let n(w) = -3*w + 22. Let i(v) = v - 7. Let r(h) = 8*i(h) + 3*n(h). Let k be r(6). Suppose -5 - k = -u. List the prime factors of u.
3
Let p(a) = 13*a + 1. Let n = -1 - -2. List the prime factors of p(n).
2, 7
Let t(d) be the second derivative of -7*d**3/6 - 2*d**2 + 3*d. Let s be t(-4). Suppose s = 5*y - 2*y. List the prime factors of y.
2
Let s be (2 + 7/(-2))*2. Let u be (-8)/s - (-2)/(-3). Suppose 3*t - 3 = 2*c + 8, u*c - 7 = -3*t. What are the prime factors of t?
3
What are the prime factors of (-6)/21 + 1124/14?
2, 5
Suppose o + 78 = 4*o. What are the prime factors of o?
2, 13
Suppose -6 = 5*t - 21. Suppose -4*y = -t*o - 16 - 8, 3*o = y - 15. Suppose 0 = -5*q + q - 4*m + 36, -y*q + 22 = -2*m. What are the prime factors of q?
2
Let o(c) = 9*c - 2. Let m be o(4). Suppose -4*r = u - m, u - 8 = -3*u. Let w(s) = 2*s - 6. What are the prime factors of w(r)?
2, 5
Suppose 0 = 4*c + 5*j - 209, 2*c + 2*c - 236 = 4*j. What are the prime factors of c?
2, 7
Let m be 4/(-10) + 111/15. What are the prime factors of (m/(-14))/(2/(-92))?
23
Suppose 3*q + 2*q = 5. Suppose 10 = -5*k, -j + 15 - q = -2*k. List the prime factors of j.
2, 5
Suppose 3*o = -3 + 12. List the prime factors of o.
3
Let x = 10 - 7. What are the prime factors of (-12)/(-18) + 43/x?
3, 5
Let u = -1 + 5. Suppose u*q - 11 = 1. List the prime factors of q.
3
Let g = -544 + 771. List the prime factors of g.
227
Let r be 103/7 + (-2)/(-7). Suppose 0 = h - j - 5, -3*h - 3*j + 7*j = -r. Suppose s + 2 = h. List the prime factors of s.
3
Suppose 0 = -3*o + 2*n + 163, 2*n - 21 = -5*o + 272. What a